6*f + 353. What is x(-39)?
41
Let i(h) = 466140*h - 6525960. Calculate i(14).
0
Let s(z) = -2*z**3 - 116*z**2 - 471*z - 13852. Determine s(-56).
-20
Let r(q) = -82*q**3 - 4676*q**2 - 114*q + 19. What is r(-57)?
19
Let h(t) = 9*t**2 - 574*t + 59. What is h(64)?
187
Let a(q) = -q**3 + 1074*q**2 + 13023*q + 9661. Determine a(1086).
-113
Let l(i) = -141*i**2 - 210065*i + 37257. Determine l(-1490).
7
Let m(n) = -25*n**3 - 4743*n - 18944. Calculate m(-4).
1628
Let d(m) = -m**3 - 736*m**2 - 7252*m + 55. What is d(-10)?
-25
Let o(n) = -3*n**3 + 203*n**2 - 114*n - 1299. Give o(67).
41
Let m(f) = 443*f + 45887. Determine m(-104).
-185
Let l(h) = 189*h - 5440. Give l(30).
230
Let v(o) = 2*o**3 + 41*o**2 + 248*o + 4705. Give v(-18).
1861
Let v(d) = -4*d**2 + 349*d - 2258. Give v(7).
-11
Let i(s) = s**3 + 36*s**2 - 993*s - 1291. Determine i(-54).
-157
Let i(l) = -3*l**2 - 173*l + 1153. What is i(7)?
-205
Let g(k) = k**2 + 93*k + 1388. Give g(-55).
-702
Let o(i) = 79*i**2 + 1059*i + 3116. Give o(-9).
-16
Let w(s) = -4*s**3 - 127*s**2 - 91*s + 78. Determine w(-31).
16
Let o(y) = y**3 + 3138*y**2 - 12538*y - 67. Determine o(4).
53
Let h(c) = c**3 + 355*c**2 + 16749*c + 264. Give h(-56).
-16
Let l(z) = -55*z**2 + 4608*z + 762. What is l(84)?
-246
Let d(l) = 3363*l + 23558. Determine d(-7).
17
Let p(c) = 634*c + 52262. Determine p(-85).
-1628
Let q(r) = 101*r**2 - 590*r + 1162. Give q(2).
386
Let r(o) = 2064*o + 10332. Calculate r(-5).
12
Let i(n) = 3*n**2 - 254*n - 7449. Calculate i(-23).
-20
Let y(m) = -966*m - 268000. Give y(-277).
-418
Let w(r) = -5*r**2 + 1141*r + 3080. Determine w(231).
-154
Let l(w) = 5*w**3 + 151*w**2 - 47*w - 2296. Calculate l(-30).
14
Let u(z) = -2*z**3 - 36*z**2 - 8*z + 45. Determine u(-20).
1805
Let o(v) = -800*v + 3261. What is o(8)?
-3139
Let y(c) = 166*c + 64. Give y(-2).
-268
Let j(r) = -6292*r - 182683. Calculate j(-29).
-215
Let w(p) = -p**3 - 47*p**2 + 157*p - 647. Calculate w(-50).
-997
Let d(k) = 3*k**3 + 626*k**2 + 1811*k - 174. Calculate d(-3).
-54
Let l(v) = 4*v**3 - 110*v**2 + 391*v - 9093. What is l(27)?
6
Let w(g) = -1399*g - 242136. Determine w(-173).
-109
Let i(l) = -63*l**2 - 2234*l - 10318. Give i(-30).
2
Let x(g) = -8*g**3 - 2439*g**2 + 69185*g + 1989. What is x(-331)?
3
Let k(q) = -3*q**2 + 18*q + 13459. Give k(-64).
19
Let l(a) = -2*a**3 - 46*a**2 - 180*a + 1022. Determine l(-14).
14
Let z(w) = -2*w**3 - 37*w**2 - 837*w - 14730. Calculate z(-18).
12
Let y(d) = -d**3 + 40*d**2 + 2*d - 1050. Give y(-5).
65
Let o(l) = -3*l**2 - 51*l + 227. Calculate o(4).
-25
Let b(s) = 59*s**3 - 14274*s**2 - 968*s - 3. Calculate b(242).
-3
Let y(v) = -26385*v + 527708. What is y(20)?
8
Let p(z) = 2*z**2 - 1499*z - 19582. What is p(-13)?
243
Let l(v) = -2*v**3 + 470*v**2 - 103*v + 24200. Give l(235).
-5
Let p(h) = h**3 + 105*h**2 + 160*h + 5831. Calculate p(-104).
7
Let l(n) = -2*n**2 - 418*n - 20025. What is l(-60)?
-2145
Let h(l) = -l**3 - 167*l**2 - 839*l + 20800. Give h(-161).
353
Let l(n) = -4*n**3 + 30*n**2 + 5*n - 74. Determine l(6).
172
Let i(b) = -3*b**3 - b**2 + 6*b + 22. Give i(-7).
960
Let z(d) = 30555*d + 30657. Give z(-1).
102
Let o(s) = -s**3 - 302*s**2 + 31016*s + 570. What is o(81)?
3
Let s(k) = 5*k**2 + 48*k - 459. Give s(16).
1589
Let r(q) = -q**3 - 8*q**2 + 50*q - 390. Give r(-15).
435
Let j(q) = -2*q**3 - 9*q**2 - 66*q - 158. Determine j(-5).
197
Let u(g) = g**3 + 2190*g**2 + 66925*g - 124. Determine u(-31).
0
Let h(j) = -j**2 - 660*j + 99945. Give h(127).
-4
Let v(b) = 127791*b - 638981. Determine v(5).
-26
Let z(x) = 91*x - 2729. Determine z(30).
1
Let w(g) = 2*g**3 + 10*g**2 - 439*g + 514. Determine w(-18).
-8
Let o(n) = 22*n**2 + 12253*n + 48049. Determine o(-553).
-62
Let a(i) = i**3 - 23*i**2 - 3166*i - 594. Calculate a(69).
-42
Let c(k) = 2*k**2 - 711*k + 62615. Give c(195).
20
Let s(m) = 118822*m - 356471. Give s(3).
-5
Let b(c) = -46946*c + 2253403. Calculate b(48).
-5
Let w(m) = -m**3 - 128*m**2 - 668*m - 6550. Determine w(-123).
-31
Let d(v) = v**2 + 1804*v + 687609. Give d(-547).
30
Let q(y) = 1471*y + 14904. Give q(-10).
194
Let u(l) = l**3 + 85*l**2 + 858*l + 1944. Determine u(-8).
8
Let s(j) = 119*j**2 - 1195*j + 23. Calculate s(10).
-27
Let d(x) = 19*x**2 - 12*x - 384. Determine d(9).
1047
Let x(l) = 4958*l - 19581. What is x(4)?
251
Let q(k) = -7678*k - 130522. What is q(-17)?
4
Let c(v) = 15109*v - 543933. Determine c(36).
-9
Let a(t) = -808*t - 7190. Calculate a(-9).
82
Let q(x) = -548*x + 6917. Give q(9).
1985
Let c(g) = -g**2 - 344*g - 29054. Give c(-149).
1
Let t(d) = 15109*d - 196412. Give t(13).
5
Let k(u) = -15*u**2 - 327*u - 107. Give k(-21).
145
Let f(g) = 16*g**3 + 94*g**2 + 523*g - 61. Calculate f(-6).
-3271
Let w(d) = d**3 + 96*d**2 - 186*d + 939. What is w(-98)?
-41
Let r(x) = -2407*x - 42153. Give r(-17).
-1234
Let r(n) = -43080*n + 4911124. Calculate r(114).
4
Let h(x) = x**2 + 372*x - 97204. Give h(177).
-31
Let w(f) = f**3 + 37*f**2 + 69*f - 4753. What is w(-29)?
-26
Let q(x) = -3*x**3 - 4*x**2 + 282*x - 219. Give q(0).
-219
Let y(d) = 2*d**3 + 153*d**2 + 98*d + 1779. Give y(-76).
107
Let q(p) = -p**3 + p**2 - 23*p + 206. Give q(6).
-112
Let d(z) = -z**2 + 670046*z - 5360332. Determine d(8).
-28
Let g(a) = -34805*a - 104558. Determine g(-3).
-143
Let z(b) = 145*b**2 - 19872*b + 951. Calculate z(137).
-8
Let p(v) = -57*v**2 + 17543*v + 4160. Determine p(308).
156
Let k(t) = -420205*t - 1680894. Calculate k(-4).
-74
Let q(c) = -2*c**2 + 8484*c - 8483. Calculate q(1).
-1
Let c(d) = 2*d**2 + 53*d - 7290. Determine c(47).
-381
Let p(g) = 97775*g - 3031023. What is p(31)?
2
Let x(p) = 2*p**2 + 1748*p - 41323. What is x(23)?
-61
Let q(w) = -20323*w - 162413. Give q(-8).
171
Let d(v) = -v**3 - 183*v**2 - 516*v - 3232. What is d(-180)?
-7552
Let u(s) = -2*s**3 + 8*s**2 + 8945*s - 35723. Determine u(4).
57
Let h(t) = 7*t**3 - 166*t**2 - 278*t + 806. Calculate h(25).
-519
Let g(z) = -2*z**3 + 106*z**2 - 640*z - 65. Calculate g(46).
119
Let p(w) = -12*w**2 - 2439*w - 17040. Determine p(-196).
12
Let r(p) = -385*p - 9402. Give r(-24).
-162
Let p(r) = -r - 47. Determine p(52).
-99
Let s(m) = 10*m**2 + 403*m + 28. Determine s(-40).
-92
Let f(x) = 3467*x + 108032. What is f(-31)?
555
Let r(a) = -1732*a + 19072. What is r(11)?
20
Let d(i) = -3*i**3 + 194*i**2 + 319*i - 16496. Calculate d(65).
14
Let m(z) = z**3 + 119*z**2 + 20*z + 17149. What is m(-120)?
349
Let d(z) = 5*z**2 + 14*z - 104. Give d(5).
91
Let f(i) = -14223*i + 2332539. Give f(164).
-33
Let f(t) = -5*t**2 - 8540*t - 93680. Determine f(-11).
-345
Let y(a) = 2*a**3 - 234*a**2 + 6666*a + 1704. Calculate y(50).
4
Let n(p) = 9*p**2 + 333*p + 2269. What is n(-28)?
1
Let l(s) = 64*s**2 + 1996*s + 26. Determine l(-31).
-346
Let l(q) = -30*q**2 - 1834*q - 17677. Determine l(-12).
11
Let a(x) = -94761*x - 1421399. What is a(-15)?
16
Let o(t) = 19984*t - 80001. Give o(4).
-65
Let g(y) = y**2 + 61*y + 105. What is g(-66)?
435
Let t(y) = -2*y**2 + 3*y - 851. Calculate t(0).
-851
Let p(v) = v**3 - 183*v**2 - 7109*v + 619. Calculate p(-33).
-8
Let f(h) = -224*h**2 + 247*h + 2598. What is f(4)?
2
Let f(h) = 152*h**2 + 5091*h - 2613. Determine f(-34).
5
Let z(u) = u**3 - 362*u**2 + 16123*u - 702. Determine z(310).
228
Let f(b) = 42391*b - 2077142. Determine f(49).
17
Let w(o) = -66*o + 3901. Determine w(61).
-125
Let y(o) = -o**3 - 70*o**2 - 360*o + 92. Give y(-6).
-52
Let g(m) = m**3 - 20*m**2 - 180*m + 3884. Determine g(18).
-4
Let m(j) = -4588*j**2 + 188110*j - 63. What is m(41)?
19
Let f(i) = -2*i**3 - 10*i**2 + 71*i + 371. Calculate f(-5).
16
Let v(x) = -30920*x - 309210. Determine v(-10).
-10
Let k(o) = 850*o - 458183. Give k(539).
-33
Let y(t) = -44*t**2 + 17254*t - 2397. Determine y(392).
-45
Let p(x) = 2*x**2 - 419*x + 16789. Give p(46).
1747
Let a(b) = -b**3 + 30*b**2 - 173*b + 679. Determine a(24).
-17
Let u(x) = 4414*x - 2749942. Give u(623).
-20
Let d(t) = -10*t**3 - 2431*t**2 - 179*t + 15520. Give d(-243).
-32
Let h(g) = -g**3 + 30*g**2 - 62*g - 202. Give h(27).
311
Let m(g) = -2*g**3 + 226*g**2 + 123*g - 13527. What is m(113)?
372
Let u(q) = -q**3 - 324*q**2 - 2224*q - 2187. Give u(-317).
-602
Let w(d) = 39424*d - 78840. What is w(2)?
8
Let r(b) = -151*b + 51350. Determine r(340).
10
Let f(q) = -978*q + 4233. Calculate f(2).
